5557?
5
What is the hundreds digit of 1831?
8
What is the hundreds digit of 161697?
6
What is the tens digit of 493?
9
What is the tens digit of 1141?
4
What is the hundreds digit of 115937?
9
What is the tens digit of 897?
9
What is the units digit of 16?
6
What is the hundreds digit of 676?
6
What is the tens digit of 1594?
9
What is the units digit of 19776?
6
What is the hundreds digit of 15592?
5
What is the thousands digit of 5611?
5
What is the thousands digit of 7146?
7
What is the thousands digit of 3831?
3
What is the hundreds digit of 1098?
0
What is the hundreds digit of 2459?
4
What is the units digit of 531?
1
What is the hundreds digit of 116?
1
What is the tens digit of 821?
2
What is the thousands digit of 39391?
9
What is the units digit of 4852?
2
What is the hundreds digit of 939?
9
What is the hundreds digit of 63529?
5
What is the tens digit of 1081?
8
What is the hundreds digit of 2721?
7
What is the tens digit of 6910?
1
What is the hundreds digit of 15168?
1
What is the tens digit of 979?
7
What is the tens digit of 2407?
0
What is the units digit of 462?
2
What is the hundreds digit of 4855?
8
What is the thousands digit of 21517?
1
What is the tens digit of 17343?
4
What is the thousands digit of 21627?
1
What is the thousands digit of 4373?
4
What is the thousands digit of 52409?
2
What is the units digit of 11709?
9
What is the ten thousands digit of 135833?
3
What is the units digit of 35572?
2
What is the tens digit of 748?
4
What is the units digit of 5808?
8
What is the ten thousands digit of 68682?
6
What is the tens digit of 7154?
5
What is the tens digit of 304?
0
What is the hundreds digit of 1087?
0
What is the tens digit of 1263?
6
What is the thousands digit of 24785?
4
What is the units digit of 2062?
2
What is the hundreds digit of 1279?
2
What is the tens digit of 84108?
0
What is the tens digit of 92718?
1
What is the units digit of 503?
3
What is the thousands digit of 15493?
5
What is the thousands digit of 4555?
4
What is the thousands digit of 2257?
2
What is the hundreds digit of 1541?
5
What is the tens digit of 656?
5
What is the tens digit of 89?
8
What is the tens digit of 79?
7
What is the thousands digit of 1326?
1
What is the thousands digit of 1032?
1
What is the hundreds digit of 18348?
3
What is the tens digit of 6189?
8
What is the hundreds digit of 8806?
8
What is the hundreds digit of 6202?
2
What is the hundreds digit of 33925?
9
What is the units digit of 3034?
4
What is the tens digit of 811?
1
What is the thousands digit of 1415?
1
What is the units digit of 88458?
8
What is the tens digit of 190?
9
What is the tens digit of 1127?
2
What is the ten thousands digit of 178976?
7
What is the thousands digit of 3421?
3
What is the tens digit of 17829?
2
What is the thousands digit of 1786?
1
What is the units digit of 873?
3
What is the tens digit of 772?
7
What is the units digit of 3518?
8
What is the ten thousands digit of 28698?
2
What is the units digit of 3028?
8
What is the thousands digit of 10714?
0
What is the thousands digit of 79639?
9
What is the hundreds digit of 945?
9
What is the units digit of 75?
5
What is the thousands digit of 2357?
2
What is the thousands digit of 19420?
9
What is the hundreds digit of 11671?
6
What is the hundreds digit of 3246?
2
What is the tens digit of 99?
9
What is the tens digit of 1042?
4
What is the hundreds digit of 2679?
6
What is the hundreds digit of 309?
3
What is the tens digit of 3856?
5
What is the hundreds digit of 2504?
5
What is the thousands digit of 76462?
6
What is the hundreds digit of 17867?
8
What is the hundreds digit of 3624?
6
What is the units digit of 1901?
1
What is the tens digit of 3541?
4
What is the units digit of 1837?
7
What is the hundreds digit of 11170?
1
What is the tens digit of 478?
7
What is the hundreds digit of 354?
3
What is the tens digit of 301?
0
What is the tens digit of 29361?
6
What is the tens digit of 18110?
1
What is the ten thousands digit of 17829?
1
What is the hundreds digit of 94400?
4
What is the hundreds digit of 10627?
6
What is the tens digit of 7292?
9
What is the ten thousands digit of 68405?
6
What is the tens digit of 16298?
9
What is the tens digit of 4022?
2
What is the thousands digit of 34763?
4
What is the hundreds digit of 1081?
0
What is the thousands digit of 38596?
8
What is the units digit of 36936?
6
What is the thousands digit of 64943?
4
What is the units digit of 587?
7
What is the hundreds digit of 150690?
6
What is the thousands digit of 19064?
9
What is the units digit of 46697?
7
What is the thousands digit of 2958?
2
What is the tens digit of 4118?
1
What is the units digit of 61399?
9
What is the units digit of 61983?
3
What is the tens digit of 17999?
9
What is the tens digit of 1283?
8
What is the tens digit of 914?
1
What is the hundreds digit of 3043?
0
What is the thousands digit of 1762?
1
What is the thousands digit of 22959?
2
What is the ten thousands digit of 18696?
1
What is the hundreds digit of 50448?
4
What is the tens digit of 37536?
3
What is the tens digit of 80297?
9
What is the hundreds digit of 1269?
2
What is the tens digit of 362?
6
What is the units digit of 10222?
2
What is the tens digit of 952?
5
What is the thousands digit of 10684?
0
What is the units digit of 100341?
1
What is the ten thousands digit of 33275?
3
What is the units digit of 4506?
6
What is the units digit of 66729?
9
What is the ten thousands digit of 29622?
2
What is the units digit of 59309?
9
What is the hundreds digit of 4421?
4
What is the units digit of 7817?
7
What is the tens digit of 2975?
7
What is the tens digit of 70002?
0
What is the hundreds digit of 31513?
5
What is the ten thousands digit of 21097?
2
What is the thousands digit of 31496?
1
What is the units digit of 21568?
8
What is the hundreds digit of 13069?
0
What is the tens digit of 829?
2
What is the hundreds digit of 1056?
0
What is the hundreds digit of 16734?
7
What is the units digit of 33?
3
What is the units digit of 1038?
8
What is the thousands digit of 5870?
5
What is the hundreds digit of 19816?
8
What is the thousands digit of 45354?
5
What is the tens digit of 55758?
5
What is the hundreds digit of 1341?
3
What is the hundreds digit of 31790?
7
What is the ten thousands digit of 15861?
1
What is the hundreds digit of 999?
9
What is the thousands digit of 3133?
3
What is the tens digit of 1404?
0
What is the units digit of 1841?
1
What is the hundreds digit of 965?
9
What is the tens digit of 55316?
1
What is the hundreds digit of 86740?
7
What is the units digit of 21158?
8
What is the units digit of 471?
1
What is the thousands digit of 37047?
7
What is the thousands digit of 13878?
3
What is the hundreds digit of 12700?
7
What is the units digit of 496?
6
What is the tens digit of 142528?
2
What is the hundreds digit of 604?
6
What is the thousands digit of 1078?
1
What is the units digit of 12712?
2
What is the tens digit of 379?
7
What is the hundred thousands digit of 127967?
1
What is the thousands digit of 2224?
2
What is the units digit of 351?
1
What is the tens digit of 13?
1
What is the thousands digit of 69958?
9
What is the thousands digit of 4707?
4
What is the tens digit of 30681?
8
What is the tens digit of 3864?
6
What is the thousands digit of 37751?
7
What is the hundreds digit of 75410?
4
What is the units digit of 182272?
2
What is the hundreds digit of 36981?
9
What is the units digit of 1624?
4
What is the units digit of 123936?
6
What is the units digit of 140564?
4
What is the thousands digit of 47831?
7
What is the tens digit of 639?
3
What is the hundreds digit of 69879?
8
What is the hundreds digit of 2055?
0
What is the hundreds digit of 3708?
7
What is the units digit of 84?
4
What is the units digit of 2330?
0
What is the tens digit of 1150?
5
What is the ten thousands digit of 14977?
1
What is the tens digit of 32893?
9
What is the thousands digit of 100875?
0
What is the hundreds digit of 12016?
0
What is the ten thousands digit of 15808?
1
What is the tens digit of 796?
9
What is the units digit of 6892?
2
What is the tens digit of 13846?
4
What is the units digit of 315?
5
What is the hundreds digit of 3127?
1
What is the thousands digit of